, 1054243
What are the prime factors of 130061936?
2, 8128871
List the prime factors of 292607352.
2, 3, 4063991
What are the prime factors of 69003842?
2, 34501921
What are the prime factors of 2041658560?
2, 5, 6380183
What are the prime factors of 91349535?
3, 5, 521, 11689
List the prime factors of 255565669.
41, 1259, 4951
What are the prime factors of 5727209385?
3, 5, 5237, 72907
What are the prime factors of 20092215?
3, 5, 11, 13, 17, 19, 29
List the prime factors of 3090641734.
2, 73, 1811, 11689
What are the prime factors of 38758222?
2, 43, 450677
List the prime factors of 16318740.
2, 3, 5, 211, 1289
What are the prime factors of 162611203?
162611203
What are the prime factors of 16967134?
2, 8483567
What are the prime factors of 28374748?
2, 1811, 3917
List the prime factors of 204979926.
2, 3, 37, 923333
What are the prime factors of 444072392?
2, 3457, 16057
List the prime factors of 109908050.
2, 5, 7, 241, 1303
What are the prime factors of 66352343?
17, 53, 73643
List the prime factors of 63063110.
2, 5, 11, 29, 53, 373
What are the prime factors of 929964060?
2, 3, 5, 23, 224629
What are the prime factors of 3041465062?
2, 2857, 532283
What are the prime factors of 836889954?
2, 3, 139481659
What are the prime factors of 220329354?
2, 3, 7, 5245937
List the prime factors of 221980191.
3, 41, 197, 9161
List the prime factors of 37745556.
2, 3, 3145463
List the prime factors of 39569287.
3271, 12097
List the prime factors of 2029613313.
3, 7, 13, 71, 104711
What are the prime factors of 3775381607?
17, 222081271
List the prime factors of 845127496.
2, 1283, 82339
What are the prime factors of 815801077?
7, 13, 521, 17207
List the prime factors of 46931546.
2, 23, 709, 1439
What are the prime factors of 1523167410?
2, 3, 5, 23, 2207489
What are the prime factors of 26745101?
601, 44501
What are the prime factors of 132456149?
7, 23, 31, 26539
What are the prime factors of 62009935?
5, 13, 193, 4943
List the prime factors of 1097008868.
2, 29, 137, 69029
What are the prime factors of 939719213?
31, 61, 431, 1153
What are the prime factors of 276794577?
3, 307, 11131
List the prime factors of 474406688.
2, 7, 2117887
List the prime factors of 1835051887.
13513, 135799
What are the prime factors of 141212905?
5, 31, 37, 24623
What are the prime factors of 5491031836?
2, 12497, 109847
List the prime factors of 3974187979.
571, 6960049
What are the prime factors of 8928016?
2, 137, 4073
What are the prime factors of 4438942246?
2, 29, 76533487
List the prime factors of 1072714539.
3, 13, 313, 87877
List the prime factors of 3158974058.
2, 47, 151, 222557
What are the prime factors of 1715635382?
2, 113, 137, 55411
What are the prime factors of 144657505?
5, 17, 100109
What are the prime factors of 759835826?
2, 379917913
List the prime factors of 2371419897.
3, 7, 11, 10265887
What are the prime factors of 83769412?
2, 3469, 6037
List the prime factors of 3406671098.
2, 233, 647, 11299
List the prime factors of 26050517.
2053, 12689
List the prime factors of 107702719.
3499, 30781
What are the prime factors of 457275946?
2, 127, 1201, 1499
List the prime factors of 1462473143.
31, 47176553
What are the prime factors of 1046204725?
5, 29, 47, 30703
List the prime factors of 173123801.
17, 19, 359, 1493
What are the prime factors of 219996515?
5, 43999303
What are the prime factors of 1506085059?
3, 31, 61, 265483
List the prime factors of 462919904.
2, 103, 140449
List the prime factors of 1015449312.
2, 3, 37, 263, 1087
What are the prime factors of 124965797?
11, 11360527
List the prime factors of 745847877.
3, 83, 701, 4273
What are the prime factors of 642774858?
2, 3, 11, 331, 29423
What are the prime factors of 5594684871?
3, 1864894957
List the prime factors of 4975420034.
2, 13, 191362309
List the prime factors of 1603046188.
2, 19, 21092713
List the prime factors of 1153738907.
1153738907
What are the prime factors of 3094655610?
2, 3, 5, 59, 1279, 1367
What are the prime factors of 67378195?
5, 13475639
What are the prime factors of 24445847?
17, 1437991
List the prime factors of 256042804.
2, 64010701
What are the prime factors of 5494889417?
17483, 314299
What are the prime factors of 52025074?
2, 1061, 24517
List the prime factors of 126240692.
2, 31560173
What are the prime factors of 62923628?
2, 83, 189529
List the prime factors of 71645992.
2, 11, 431, 1889
List the prime factors of 854947099.
23, 37171613
List the prime factors of 377708989.
7, 53958427
List the prime factors of 37032159.
3, 19, 29, 43, 521
What are the prime factors of 575265943?
7, 82180849
List the prime factors of 27488600.
2, 5, 137443
List the prime factors of 2001159775.
5, 41, 1952351
List the prime factors of 727519816.
2, 349, 260573
What are the prime factors of 1817225887?
1817225887
List the prime factors of 151527325.
5, 773, 7841
What are the prime factors of 17553384?
2, 3, 17, 14341
List the prime factors of 542206759.
542206759
List the prime factors of 4505921252.
2, 7, 67, 547, 4391
List the prime factors of 2913867924.
2, 3, 11, 239, 92363
List the prime factors of 52311741.
3, 17437247
What are the prime factors of 891063118?
2, 11, 3682079
What are the prime factors of 89197420?
2, 5, 13, 349, 983
List the prime factors of 174707572.
2, 13, 17, 257, 769
List the prime factors of 93175757.
103, 904619
What are the prime factors of 45906750?
2, 3, 5, 2267
What are the prime factors of 3450419162?
2, 1725209581
List the prime factors of 409569976.
2, 59, 867733
List the prime factors of 960128258.
2, 480064129
What are the prime factors of 418274236?
2, 2521, 41479
What are the prime factors of 155153599?
155153599
List the prime factors of 429255608.
2, 53656951
List the prime factors of 9418130.
2, 5, 941813
What are the prime factors of 4210891463?
353, 11928871
List the prime factors of 214907729.
37, 79, 73523
List the prime factors of 508218921.
3, 7, 239, 11251
List the prime factors of 499374515.
5, 2213, 45131
List the prime factors of 22322284.
2, 1933, 2887
List the prime factors of 37316040.
2, 3, 5, 29, 10723
List the prime factors of 87549385.
5, 7, 11, 23, 9887
What are the prime factors of 1245880927?
1245880927
List the prime factors of 215707659.
3, 71902553
List the prime factors of 1756059.
3, 89, 6577
List the prime factors of 27852262.
2, 1217, 11443
List the prime factors of 47104149.
3, 29, 67, 8081
List the prime factors of 247492574.
2, 7, 17678041
List the prime factors of 63220233.
3, 21073411
What are the prime factors of 2142728262?
2, 3, 401, 98953
What are the prime factors of 109166985?
3, 5, 2425933
List the prime factors of 541868076.
2, 3, 47, 106751
List the prime factors of 78317738.
2, 39158869
What are the prime factors of 306818?
2, 153409
List the prime factors of 695005377.
3, 11, 53, 397373
List the prime factors of 37303240.
2, 5, 13, 23, 3119
List the prime factors of 69114731.
7, 97, 101789
List the prime factors of 6119522902.
2, 3059761451
List the prime factors of 1406550533.
23, 5309, 11519
List the prime factors of 14198371.
11, 29, 47, 947
List the prime factors of 41394528.
2, 3, 7, 20533
What are the prime factors of 3084364638?
2, 3, 17, 592919
What are the prime factors of 1626877753?
37, 43969669
What are the prime factors of 634083288?
2, 3, 61, 433117
List the prime factors of 520564556.
2, 5843, 22273
What are the prime factors of 45880674?
2, 3, 7, 1092397
List the prime factors of 116451115.
5, 11, 2117293
List the prime factors of 106743156.
2, 3, 13, 389, 1759
List the prime factors of 1432013469.
3, 2861, 166843
List the prime factors of 1031572962.
2, 3, 7, 2729029
What are the prime factors of 54659251?
54659251
List the prime factors of 1011991898.
2, 11027, 45887
List the prime factors of 489795984.
2, 3, 19, 19891
List the prime factors of 243950699.
139, 1755041
List the prime factors of 42362626.
2, 67, 316139
List the prime factors of 263639033.
7, 37662719
List the prime factors of 137229728.
2, 1429, 3001
List the prime factors of 276772793.
11, 25161163
List the prime factors of 3556129604.
2, 19, 47, 101, 9857
List the prime factors of 51410145.
3, 5, 3427343
What are the prime factors of 33242510?
2, 5, 7, 239, 1987
List the prime factors of 4515